{"id":31,"date":"2024-10-19T22:03:44","date_gmt":"2024-10-19T22:03:44","guid":{"rendered":"https:\/\/www.institutomodernoamericano.edu.mx\/ima\/\/?page_id=31"},"modified":"2025-03-14T19:19:52","modified_gmt":"2025-03-14T19:19:52","slug":"nuestra-historia","status":"publish","type":"page","link":"https:\/\/www.institutomodernoamericano.edu.mx\/ima\/index.php\/nuestra-historia\/","title":{"rendered":"Nuestra historia"},"content":{"rendered":"\t\t<div data-elementor-type=\"wp-page\" data-elementor-id=\"31\" class=\"elementor elementor-31\">\n\t\t\t\t<div class=\"elementor-element elementor-element-1d3e339 e-con-full e-flex e-con e-parent\" data-id=\"1d3e339\" data-element_type=\"container\" data-e-type=\"container\" data-settings=\"{&quot;background_background&quot;:&quot;classic&quot;}\">\n\t\t\t\t<div class=\"elementor-element elementor-element-d7a528c elementor-widget elementor-widget-spacer\" data-id=\"d7a528c\" data-element_type=\"widget\" data-e-type=\"widget\" data-widget_type=\"spacer.default\">\n\t\t\t\t<div class=\"elementor-widget-container\">\n\t\t\t\t\t\t\t<div class=\"elementor-spacer\">\n\t\t\t<div class=\"elementor-spacer-inner\"><\/div>\n\t\t<\/div>\n\t\t\t\t\t\t<\/div>\n\t\t\t\t<\/div>\n\t\t\t\t<\/div>\n\t\t<div class=\"elementor-element elementor-element-4a95397 e-con-full e-flex e-con e-parent\" data-id=\"4a95397\" data-element_type=\"container\" data-e-type=\"container\">\n\t\t\t\t<div class=\"elementor-element elementor-element-7804b07 elementor-widget elementor-widget-text-editor\" data-id=\"7804b07\" data-element_type=\"widget\" data-e-type=\"widget\" data-widget_type=\"text-editor.default\">\n\t\t\t\t<div class=\"elementor-widget-container\">\n\t\t\t\t\t\t\t\t\t<h4>NUESTRA HISTORIA<\/h4>\t\t\t\t\t\t\t\t<\/div>\n\t\t\t\t<\/div>\n\t\t\t\t<\/div>\n\t\t<div class=\"elementor-element elementor-element-b04e45d e-con-full e-flex e-con e-parent\" data-id=\"b04e45d\" data-element_type=\"container\" data-e-type=\"container\" data-settings=\"{&quot;background_background&quot;:&quot;classic&quot;}\">\n\t\t<div class=\"elementor-element elementor-element-f71cd9f e-grid e-con-boxed e-con e-child\" data-id=\"f71cd9f\" data-element_type=\"container\" data-e-type=\"container\">\n\t\t\t\t\t<div class=\"e-con-inner\">\n\t\t\t\t<div class=\"elementor-element elementor-element-1ed61b8 elementor-widget elementor-widget-image\" data-id=\"1ed61b8\" data-element_type=\"widget\" data-e-type=\"widget\" data-widget_type=\"image.default\">\n\t\t\t\t<div class=\"elementor-widget-container\">\n\t\t\t\t\t\t\t\t\t\t\t\t\t\t\t<img fetchpriority=\"high\" decoding=\"async\" width=\"1200\" height=\"218\" src=\"https:\/\/www.institutomodernoamericano.edu.mx\/ima\/wp-content\/uploads\/2025\/02\/linea-del-tiempo-png.png\" class=\"attachment-full size-full wp-image-1065\" alt=\"\" srcset=\"https:\/\/www.institutomodernoamericano.edu.mx\/ima\/wp-content\/uploads\/2025\/02\/linea-del-tiempo-png.png 1200w, https:\/\/www.institutomodernoamericano.edu.mx\/ima\/wp-content\/uploads\/2025\/02\/linea-del-tiempo-png-300x55.png 300w, https:\/\/www.institutomodernoamericano.edu.mx\/ima\/wp-content\/uploads\/2025\/02\/linea-del-tiempo-png-1024x186.png 1024w, https:\/\/www.institutomodernoamericano.edu.mx\/ima\/wp-content\/uploads\/2025\/02\/linea-del-tiempo-png-768x140.png 768w\" sizes=\"(max-width: 1200px) 100vw, 1200px\" \/>\t\t\t\t\t\t\t\t\t\t\t\t\t\t\t<\/div>\n\t\t\t\t<\/div>\n\t\t<div class=\"elementor-element elementor-element-7d07aac e-grid e-con-full e-con e-child\" data-id=\"7d07aac\" data-element_type=\"container\" data-e-type=\"container\">\n\t\t\t\t<div class=\"elementor-element elementor-element-d4e42c7 elementor-widget elementor-widget-text-editor\" data-id=\"d4e42c7\" data-element_type=\"widget\" data-e-type=\"widget\" data-widget_type=\"text-editor.default\">\n\t\t\t\t<div class=\"elementor-widget-container\">\n\t\t\t\t\t\t\t\t\t<p>El\u00a0<b>Centro de Estudios de las Am\u00e9ricas A.C.<\/b>\u00a0abre sus puertas en M\u00e9rida en\u00a0<b>1984<\/b>\u00a0con el nivel medio superior y superior. Ah\u00ed se gesta, en\u00a0<b>1990<\/b>, la idea de fundar una escuela biling\u00fce que tendr\u00eda el nivel de preescolar y el de primaria y quiz\u00e1 a futuro secundaria y preparatoria.<\/p><p>El objetivo ser\u00eda responder a las necesidades de una ciudad en crecimiento y en la cual no hab\u00eda ninguna escuela que ofreciera un programa\u00a0<b>biling\u00fce (ingl\u00e9s- espa\u00f1ol)<\/b>, tambi\u00e9n el proveer de un espacio educativo en el que se atendiera adem\u00e1s a la salud emocional del educando.<\/p><p>As\u00ed nace el\u00a0<b>Instituto Moderno Americano<\/b>\u00a0con los niveles de preescolar y primaria. En\u00a0<b>1995<\/b>\u00a0se crea la secundaria y en el a\u00f1o\u00a0<b>2002<\/b> se incorpora la <strong>Preparatoria CELA, <\/strong>pudiendo as\u00ed ofrecer a la comunidad un servicio educativo desde preescolar hasta educaci\u00f3n media superior.<\/p>\t\t\t\t\t\t\t\t<\/div>\n\t\t\t\t<\/div>\n\t\t\t\t<div class=\"elementor-element elementor-element-3e69448 elementor-widget elementor-widget-text-editor\" data-id=\"3e69448\" data-element_type=\"widget\" data-e-type=\"widget\" data-widget_type=\"text-editor.default\">\n\t\t\t\t<div class=\"elementor-widget-container\">\n\t\t\t\t\t\t\t\t\t<p>Formado por una plantilla de m\u00e1s de 150 educadores y hospedando en dos planteles m\u00e1s de 900 alumnos, nos esforzamos cada d\u00eda por\u00a0<b>elevar los est\u00e1ndares educativos de la comunidad<\/b>. Hoy d\u00eda nos mantenemos a la vanguardia mediante la adquisici\u00f3n de equipo con\u00a0<b>tecnolog\u00eda de punta<\/b>\u00a0y con la constante capacitaci\u00f3n del personal para su mejor desarrollo as\u00ed como una puntual revisi\u00f3n del curr\u00edculo para su debida actualizaci\u00f3n.<\/p><p>En 2024 nace el Auditorio IMA, un espacio dedicado a las celebraciones, el arte y los eventos especiales. Concebido para ser mucho m\u00e1s que un escenario, este auditorio abre sus puertas con la ilusi\u00f3n de convertirse en un hogar para la comunidad que nos une y transforma. Cada evento ser\u00e1 una invitaci\u00f3n a compartir emociones, ideas y momentos inolvidables.<\/p>\t\t\t\t\t\t\t\t<\/div>\n\t\t\t\t<\/div>\n\t\t\t\t<\/div>\n\t\t\t\t\t<\/div>\n\t\t\t\t<\/div>\n\t\t\t\t<\/div>\n\t\t\t\t<\/div>\n\t\t","protected":false},"excerpt":{"rendered":"<p>NUESTRA HISTORIA El\u00a0Centro de Estudios de las Am\u00e9ricas A.C.\u00a0abre sus puertas en M\u00e9rida en\u00a01984\u00a0con el nivel medio superior y superior. Ah\u00ed se gesta, en\u00a01990, la idea de fundar una escuela biling\u00fce que tendr\u00eda el nivel de preescolar y el de primaria y quiz\u00e1 a futuro secundaria y preparatoria. El objetivo ser\u00eda responder a las necesidades [&hellip;]<\/p>\n","protected":false},"author":1,"featured_media":0,"parent":0,"menu_order":0,"comment_status":"closed","ping_status":"closed","template":"elementor_header_footer","meta":{"footnotes":""},"class_list":["post-31","page","type-page","status-publish","hentry"],"_links":{"self":[{"href":"https:\/\/www.institutomodernoamericano.edu.mx\/ima\/index.php\/wp-json\/wp\/v2\/pages\/31","targetHints":{"allow":["GET"]}}],"collection":[{"href":"https:\/\/www.institutomodernoamericano.edu.mx\/ima\/index.php\/wp-json\/wp\/v2\/pages"}],"about":[{"href":"https:\/\/www.institutomodernoamericano.edu.mx\/ima\/index.php\/wp-json\/wp\/v2\/types\/page"}],"author":[{"embeddable":true,"href":"https:\/\/www.institutomodernoamericano.edu.mx\/ima\/index.php\/wp-json\/wp\/v2\/users\/1"}],"replies":[{"embeddable":true,"href":"https:\/\/www.institutomodernoamericano.edu.mx\/ima\/index.php\/wp-json\/wp\/v2\/comments?post=31"}],"version-history":[{"count":0,"href":"https:\/\/www.institutomodernoamericano.edu.mx\/ima\/index.php\/wp-json\/wp\/v2\/pages\/31\/revisions"}],"wp:attachment":[{"href":"https:\/\/www.institutomodernoamericano.edu.mx\/ima\/index.php\/wp-json\/wp\/v2\/media?parent=31"}],"curies":[{"name":"wp","href":"https:\/\/api.w.org\/{rel}","templated":true}]}}