{"id":35,"date":"2024-10-19T22:05:52","date_gmt":"2024-10-19T22:05:52","guid":{"rendered":"https:\/\/www.institutomodernoamericano.edu.mx\/ima\/\/?page_id=35"},"modified":"2025-03-24T15:57:05","modified_gmt":"2025-03-24T15:57:05","slug":"escuela-bilingue","status":"publish","type":"page","link":"https:\/\/www.institutomodernoamericano.edu.mx\/ima\/index.php\/escuela-bilingue\/","title":{"rendered":"Escuela Biling\u00fce"},"content":{"rendered":"\t\t<div data-elementor-type=\"wp-page\" data-elementor-id=\"35\" class=\"elementor elementor-35\">\n\t\t\t\t<div class=\"elementor-element elementor-element-ba247d4 e-con-full e-flex e-con e-parent\" data-id=\"ba247d4\" data-element_type=\"container\" data-e-type=\"container\" data-settings=\"{&quot;background_background&quot;:&quot;slideshow&quot;,&quot;background_slideshow_gallery&quot;:[{&quot;id&quot;:744,&quot;url&quot;:&quot;https:\\\/\\\/www.institutomodernoamericano.edu.mx\\\/ima\\\/wp-content\\\/uploads\\\/2025\\\/01\\\/b1.jpg&quot;}],&quot;background_slideshow_loop&quot;:&quot;yes&quot;,&quot;background_slideshow_slide_duration&quot;:5000,&quot;background_slideshow_slide_transition&quot;:&quot;fade&quot;,&quot;background_slideshow_transition_duration&quot;:500}\">\n\t\t\t\t<div class=\"elementor-element elementor-element-d50ea0c elementor-widget elementor-widget-spacer\" data-id=\"d50ea0c\" data-element_type=\"widget\" data-e-type=\"widget\" data-widget_type=\"spacer.default\">\n\t\t\t\t<div class=\"elementor-widget-container\">\n\t\t\t\t\t\t\t<div class=\"elementor-spacer\">\n\t\t\t<div class=\"elementor-spacer-inner\"><\/div>\n\t\t<\/div>\n\t\t\t\t\t\t<\/div>\n\t\t\t\t<\/div>\n\t\t\t\t<\/div>\n\t\t<div class=\"elementor-element elementor-element-78e0bc2 e-flex e-con-boxed e-con e-parent\" data-id=\"78e0bc2\" data-element_type=\"container\" data-e-type=\"container\">\n\t\t\t\t\t<div class=\"e-con-inner\">\n\t\t\t\t<div class=\"elementor-element elementor-element-3fc3b23 elementor-widget elementor-widget-text-editor\" data-id=\"3fc3b23\" data-element_type=\"widget\" data-e-type=\"widget\" data-widget_type=\"text-editor.default\">\n\t\t\t\t<div class=\"elementor-widget-container\">\n\t\t\t\t\t\t\t\t\t<h4 class=\"m-0\">Escuela biling\u00fce y bicultural<\/h4><p>El sistema de inmersi\u00f3n\u00a0<b>TOTAL<\/b>\u00a0permite que los alumnos adquieran la\u00a0<b>lengua inglesa<\/b>\u00a0como\u00a0<b>propia<\/b>. A lo largo de su formaci\u00f3n los alumnos desarrollar\u00e1n habilidades\u00a0<b>orales<\/b>\u00a0en ingl\u00e9s, tales como,\u00a0<b>debatir y presentar<\/b>\u00a0un tema frente a una audiencia, tambi\u00e9n ser\u00e1n capaces de\u00a0<b>escribir<\/b>\u00a0ensayos,\u00a0<b>crear<\/b>\u00a0campa\u00f1as y\u00a0<b>proyectos<\/b>\u00a0que les permitan tener una visi\u00f3n del mundo que los rodea.<\/p>\t\t\t\t\t\t\t\t<\/div>\n\t\t\t\t<\/div>\n\t\t\t\t\t<\/div>\n\t\t\t\t<\/div>\n\t\t<div class=\"elementor-element elementor-element-e98fec6 e-flex e-con-boxed e-con e-parent\" data-id=\"e98fec6\" data-element_type=\"container\" data-e-type=\"container\" data-settings=\"{&quot;background_background&quot;:&quot;classic&quot;}\">\n\t\t\t\t\t<div class=\"e-con-inner\">\n\t\t<div class=\"elementor-element elementor-element-91903d8 e-grid e-con-full e-con e-child\" data-id=\"91903d8\" data-element_type=\"container\" data-e-type=\"container\">\n\t\t\t\t<div class=\"elementor-element elementor-element-7c03a5d elementor-widget elementor-widget-text-editor\" data-id=\"7c03a5d\" data-element_type=\"widget\" data-e-type=\"widget\" data-widget_type=\"text-editor.default\">\n\t\t\t\t<div class=\"elementor-widget-container\">\n\t\t\t\t\t\t\t\t\t<p>Contamos con una hermandad internacional llamada<br \/><b>\u00a0BREAKING WALLS<\/b>.<\/p>\t\t\t\t\t\t\t\t<\/div>\n\t\t\t\t<\/div>\n\t\t<div class=\"elementor-element elementor-element-5469cc6 e-grid e-con-full e-con e-child\" data-id=\"5469cc6\" data-element_type=\"container\" data-e-type=\"container\">\n\t\t\t\t<div class=\"elementor-element elementor-element-d41d5c8 elementor-widget elementor-widget-image\" data-id=\"d41d5c8\" data-element_type=\"widget\" data-e-type=\"widget\" data-widget_type=\"image.default\">\n\t\t\t\t<div class=\"elementor-widget-container\">\n\t\t\t\t\t\t\t\t\t\t\t\t\t\t\t<img fetchpriority=\"high\" decoding=\"async\" width=\"300\" height=\"300\" src=\"https:\/\/www.institutomodernoamericano.edu.mx\/ima\/wp-content\/uploads\/2024\/10\/nosotros-bilingue-1.jpg\" class=\"attachment-large size-large wp-image-261\" alt=\"\" srcset=\"https:\/\/www.institutomodernoamericano.edu.mx\/ima\/wp-content\/uploads\/2024\/10\/nosotros-bilingue-1.jpg 300w, https:\/\/www.institutomodernoamericano.edu.mx\/ima\/wp-content\/uploads\/2024\/10\/nosotros-bilingue-1-150x150.jpg 150w\" sizes=\"(max-width: 300px) 100vw, 300px\" \/>\t\t\t\t\t\t\t\t\t\t\t\t\t\t\t<\/div>\n\t\t\t\t<\/div>\n\t\t\t\t<div class=\"elementor-element elementor-element-3178f80 elementor-widget elementor-widget-image\" data-id=\"3178f80\" data-element_type=\"widget\" data-e-type=\"widget\" data-widget_type=\"image.default\">\n\t\t\t\t<div class=\"elementor-widget-container\">\n\t\t\t\t\t\t\t\t\t\t\t\t\t\t\t<img decoding=\"async\" width=\"300\" height=\"300\" src=\"https:\/\/www.institutomodernoamericano.edu.mx\/ima\/wp-content\/uploads\/2024\/10\/nosotros-bilingue-2.jpg\" class=\"attachment-large size-large wp-image-262\" alt=\"\" srcset=\"https:\/\/www.institutomodernoamericano.edu.mx\/ima\/wp-content\/uploads\/2024\/10\/nosotros-bilingue-2.jpg 300w, https:\/\/www.institutomodernoamericano.edu.mx\/ima\/wp-content\/uploads\/2024\/10\/nosotros-bilingue-2-150x150.jpg 150w\" sizes=\"(max-width: 300px) 100vw, 300px\" \/>\t\t\t\t\t\t\t\t\t\t\t\t\t\t\t<\/div>\n\t\t\t\t<\/div>\n\t\t\t\t<div class=\"elementor-element elementor-element-f9f7d8c elementor-widget elementor-widget-image\" data-id=\"f9f7d8c\" data-element_type=\"widget\" data-e-type=\"widget\" data-widget_type=\"image.default\">\n\t\t\t\t<div class=\"elementor-widget-container\">\n\t\t\t\t\t\t\t\t\t\t\t\t\t\t\t<img decoding=\"async\" width=\"300\" height=\"300\" src=\"https:\/\/www.institutomodernoamericano.edu.mx\/ima\/wp-content\/uploads\/2024\/10\/nosotros-bilingue-3.jpg\" class=\"attachment-large size-large wp-image-263\" alt=\"\" srcset=\"https:\/\/www.institutomodernoamericano.edu.mx\/ima\/wp-content\/uploads\/2024\/10\/nosotros-bilingue-3.jpg 300w, https:\/\/www.institutomodernoamericano.edu.mx\/ima\/wp-content\/uploads\/2024\/10\/nosotros-bilingue-3-150x150.jpg 150w\" sizes=\"(max-width: 300px) 100vw, 300px\" \/>\t\t\t\t\t\t\t\t\t\t\t\t\t\t\t<\/div>\n\t\t\t\t<\/div>\n\t\t\t\t<\/div>\n\t\t\t\t<\/div>\n\t\t\t\t\t<\/div>\n\t\t\t\t<\/div>\n\t\t<div class=\"elementor-element elementor-element-852564a e-flex e-con-boxed e-con e-parent\" data-id=\"852564a\" data-element_type=\"container\" data-e-type=\"container\">\n\t\t\t\t\t<div class=\"e-con-inner\">\n\t\t\t\t<div class=\"elementor-element elementor-element-8318865 elementor-widget elementor-widget-text-editor\" data-id=\"8318865\" data-element_type=\"widget\" data-e-type=\"widget\" data-widget_type=\"text-editor.default\">\n\t\t\t\t<div class=\"elementor-widget-container\">\n\t\t\t\t\t\t\t\t\t<h5 class=\"mb-5\">Participaci\u00f3n en competencias nacionales e internacionales:<\/h5>\t\t\t\t\t\t\t\t<\/div>\n\t\t\t\t<\/div>\n\t\t<div class=\"elementor-element elementor-element-3ea04d8 e-grid e-con-full e-con e-child\" data-id=\"3ea04d8\" data-element_type=\"container\" data-e-type=\"container\">\n\t\t\t\t<div class=\"elementor-element elementor-element-7183265 elementor-widget elementor-widget-image\" data-id=\"7183265\" data-element_type=\"widget\" data-e-type=\"widget\" data-widget_type=\"image.default\">\n\t\t\t\t<div class=\"elementor-widget-container\">\n\t\t\t\t\t\t\t\t\t\t\t\t\t\t\t<img loading=\"lazy\" decoding=\"async\" width=\"180\" height=\"180\" src=\"https:\/\/www.institutomodernoamericano.edu.mx\/ima\/wp-content\/uploads\/2024\/10\/logo-beo.png\" class=\"attachment-large size-large wp-image-250\" alt=\"\" srcset=\"https:\/\/www.institutomodernoamericano.edu.mx\/ima\/wp-content\/uploads\/2024\/10\/logo-beo.png 180w, https:\/\/www.institutomodernoamericano.edu.mx\/ima\/wp-content\/uploads\/2024\/10\/logo-beo-150x150.png 150w\" sizes=\"(max-width: 180px) 100vw, 180px\" \/>\t\t\t\t\t\t\t\t\t\t\t\t\t\t\t<\/div>\n\t\t\t\t<\/div>\n\t\t\t\t<div class=\"elementor-element elementor-element-111b2b9 elementor-widget elementor-widget-text-editor\" data-id=\"111b2b9\" data-element_type=\"widget\" data-e-type=\"widget\" data-widget_type=\"text-editor.default\">\n\t\t\t\t<div class=\"elementor-widget-container\">\n\t\t\t\t\t\t\t\t\t<p><b>British English Olympics<\/b><\/p><p>Nuestros alumnos de secundaria participaron en esta reconocida olimpiada acad\u00e9mica internacional realizada en <strong>Londres, Inglaterra,<\/strong> cuyo objetivo es fortalecer las habilidades orales en el idioma ingl\u00e9s a trav\u00e9s de diversos proyectos colaborativos.<\/p><p>En la edici\u00f3n <strong>2018,<\/strong>\u00a0obtuvieron una destacada actuaci\u00f3n al lograr el primer lugar absoluto entre m\u00e1s de 2,500 estudiantes provenientes de 139 escuelas de Latinoam\u00e9rica, Asia y Europa.<\/p>\t\t\t\t\t\t\t\t<\/div>\n\t\t\t\t<\/div>\n\t\t\t\t<\/div>\n\t\t\t\t<div class=\"elementor-element elementor-element-6bc9db0 elementor-widget elementor-widget-text-editor\" data-id=\"6bc9db0\" data-element_type=\"widget\" data-e-type=\"widget\" data-widget_type=\"text-editor.default\">\n\t\t\t\t<div class=\"elementor-widget-container\">\n\t\t\t\t\t\t\t\t\t<p><strong>Adem\u00e1s, se alcanzaron los primeros y terceros lugares generales de la competencia, reflejo del talento, preparaci\u00f3n y compromiso de nuestros estudiantes.<\/strong><\/p>\t\t\t\t\t\t\t\t<\/div>\n\t\t\t\t<\/div>\n\t\t\t\t<div class=\"elementor-element elementor-element-f81f229 elementor-widget elementor-widget-text-editor\" data-id=\"f81f229\" data-element_type=\"widget\" data-e-type=\"widget\" data-widget_type=\"text-editor.default\">\n\t\t\t\t<div class=\"elementor-widget-container\">\n\t\t\t\t\t\t\t\t\t<h4>Certificaciones:<\/h4><p class=\"mb-4\">Nuestra instituci\u00f3n tiene un nivel de\u00a0<b>excelencia<\/b>\u00a0en el estudio del\u00a0<b>idioma Ingl\u00e9s<\/b>, certificando a nuestros alumnos en\u00a0<b>KET<\/b>\u00a0y\u00a0<b>PET<\/b>\u00a0de Cambridge y\u00a0<b>Oxford Tutorial College<\/b>\u00a0en\u00a0<b>primaria y secundaria<\/b>.<\/p>\t\t\t\t\t\t\t\t<\/div>\n\t\t\t\t<\/div>\n\t\t<div class=\"elementor-element elementor-element-d2f5a5c e-grid e-con-full e-con e-child\" data-id=\"d2f5a5c\" data-element_type=\"container\" data-e-type=\"container\">\n\t\t<div class=\"elementor-element elementor-element-ec2b2cf e-grid e-con-full e-con e-child\" data-id=\"ec2b2cf\" data-element_type=\"container\" data-e-type=\"container\">\n\t\t\t\t<div class=\"elementor-element elementor-element-91c5208 elementor-widget elementor-widget-image\" data-id=\"91c5208\" data-element_type=\"widget\" data-e-type=\"widget\" data-widget_type=\"image.default\">\n\t\t\t\t<div class=\"elementor-widget-container\">\n\t\t\t\t\t\t\t\t\t\t\t\t<figure class=\"wp-caption\">\n\t\t\t\t\t\t\t\t\t\t<img loading=\"lazy\" decoding=\"async\" width=\"300\" height=\"272\" src=\"https:\/\/www.institutomodernoamericano.edu.mx\/ima\/wp-content\/uploads\/2024\/10\/logo-pet-cambridge.jpg\" class=\"attachment-large size-large wp-image-266\" alt=\"\" \/>\t\t\t\t\t\t\t\t\t\t\t<figcaption class=\"widget-image-caption wp-caption-text\">PET de Cambridge (3\u00b0 de secundaria)<\/figcaption>\n\t\t\t\t\t\t\t\t\t\t<\/figure>\n\t\t\t\t\t\t\t\t\t<\/div>\n\t\t\t\t<\/div>\n\t\t\t\t<div class=\"elementor-element elementor-element-88b714a elementor-widget elementor-widget-image\" data-id=\"88b714a\" data-element_type=\"widget\" data-e-type=\"widget\" data-widget_type=\"image.default\">\n\t\t\t\t<div class=\"elementor-widget-container\">\n\t\t\t\t\t\t\t\t\t\t\t\t<figure class=\"wp-caption\">\n\t\t\t\t\t\t\t\t\t\t<img loading=\"lazy\" decoding=\"async\" width=\"300\" height=\"272\" src=\"https:\/\/www.institutomodernoamericano.edu.mx\/ima\/wp-content\/uploads\/2024\/10\/logo-oxford.jpg\" class=\"attachment-large size-large wp-image-267\" alt=\"\" \/>\t\t\t\t\t\t\t\t\t\t\t<figcaption class=\"widget-image-caption wp-caption-text\">OXFORD TUTORIAL COLLEGE (a partir de secundaria)<\/figcaption>\n\t\t\t\t\t\t\t\t\t\t<\/figure>\n\t\t\t\t\t\t\t\t\t<\/div>\n\t\t\t\t<\/div>\n\t\t\t\t<\/div>\n\t\t\t\t<div class=\"elementor-element elementor-element-a323d65 elementor-widget elementor-widget-text-editor\" data-id=\"a323d65\" data-element_type=\"widget\" data-e-type=\"widget\" data-widget_type=\"text-editor.default\">\n\t\t\t\t<div class=\"elementor-widget-container\">\n\t\t\t\t\t\t\t\t\t<p>Los ex\u00e1menes de certificaci\u00f3n ubican al 95% de los estudiantes que presentan en los niveles superiores de dominio de la lengua.<\/p>\t\t\t\t\t\t\t\t<\/div>\n\t\t\t\t<\/div>\n\t\t\t\t<\/div>\n\t\t\t\t\t<\/div>\n\t\t\t\t<\/div>\n\t\t\t\t<\/div>\n\t\t","protected":false},"excerpt":{"rendered":"<p>Escuela biling\u00fce y bicultural El sistema de inmersi\u00f3n\u00a0TOTAL\u00a0permite que los alumnos adquieran la\u00a0lengua inglesa\u00a0como\u00a0propia. A lo largo de su formaci\u00f3n los alumnos desarrollar\u00e1n habilidades\u00a0orales\u00a0en ingl\u00e9s, tales como,\u00a0debatir y presentar\u00a0un tema frente a una audiencia, tambi\u00e9n ser\u00e1n capaces de\u00a0escribir\u00a0ensayos,\u00a0crear\u00a0campa\u00f1as y\u00a0proyectos\u00a0que les permitan tener una visi\u00f3n del mundo que los rodea. Contamos con una hermandad internacional llamada\u00a0BREAKING [&hellip;]<\/p>\n","protected":false},"author":1,"featured_media":0,"parent":0,"menu_order":0,"comment_status":"closed","ping_status":"closed","template":"elementor_header_footer","meta":{"footnotes":""},"class_list":["post-35","page","type-page","status-publish","hentry"],"_links":{"self":[{"href":"https:\/\/www.institutomodernoamericano.edu.mx\/ima\/index.php\/wp-json\/wp\/v2\/pages\/35","targetHints":{"allow":["GET"]}}],"collection":[{"href":"https:\/\/www.institutomodernoamericano.edu.mx\/ima\/index.php\/wp-json\/wp\/v2\/pages"}],"about":[{"href":"https:\/\/www.institutomodernoamericano.edu.mx\/ima\/index.php\/wp-json\/wp\/v2\/types\/page"}],"author":[{"embeddable":true,"href":"https:\/\/www.institutomodernoamericano.edu.mx\/ima\/index.php\/wp-json\/wp\/v2\/users\/1"}],"replies":[{"embeddable":true,"href":"https:\/\/www.institutomodernoamericano.edu.mx\/ima\/index.php\/wp-json\/wp\/v2\/comments?post=35"}],"version-history":[{"count":0,"href":"https:\/\/www.institutomodernoamericano.edu.mx\/ima\/index.php\/wp-json\/wp\/v2\/pages\/35\/revisions"}],"wp:attachment":[{"href":"https:\/\/www.institutomodernoamericano.edu.mx\/ima\/index.php\/wp-json\/wp\/v2\/media?parent=35"}],"curies":[{"name":"wp","href":"https:\/\/api.w.org\/{rel}","templated":true}]}}