{"id":55,"date":"2024-10-19T22:36:32","date_gmt":"2024-10-19T22:36:32","guid":{"rendered":"https:\/\/www.institutomodernoamericano.edu.mx\/ima\/\/?page_id=55"},"modified":"2025-10-09T21:14:49","modified_gmt":"2025-10-09T21:14:49","slug":"escuela-para-padres","status":"publish","type":"page","link":"https:\/\/www.institutomodernoamericano.edu.mx\/ima\/index.php\/escuela-para-padres\/","title":{"rendered":"Escuela para padres"},"content":{"rendered":"\t\t<div data-elementor-type=\"wp-page\" data-elementor-id=\"55\" class=\"elementor elementor-55\">\n\t\t\t\t<div class=\"elementor-element elementor-element-d14448b e-con-full e-flex e-con e-parent\" data-id=\"d14448b\" data-element_type=\"container\" data-e-type=\"container\" data-settings=\"{&quot;background_background&quot;:&quot;classic&quot;}\">\n\t\t\t\t<div class=\"elementor-element elementor-element-fa7264e elementor-widget elementor-widget-spacer\" data-id=\"fa7264e\" data-element_type=\"widget\" data-e-type=\"widget\" data-widget_type=\"spacer.default\">\n\t\t\t\t<div class=\"elementor-widget-container\">\n\t\t\t\t\t\t\t<div class=\"elementor-spacer\">\n\t\t\t<div class=\"elementor-spacer-inner\"><\/div>\n\t\t<\/div>\n\t\t\t\t\t\t<\/div>\n\t\t\t\t<\/div>\n\t\t\t\t<\/div>\n\t\t<div class=\"elementor-element elementor-element-68e41db e-flex e-con-boxed e-con e-parent\" data-id=\"68e41db\" data-element_type=\"container\" data-e-type=\"container\">\n\t\t\t\t\t<div class=\"e-con-inner\">\n\t\t<div class=\"elementor-element elementor-element-6c36513 e-grid e-con-full e-con e-child\" data-id=\"6c36513\" data-element_type=\"container\" data-e-type=\"container\">\n\t\t\t\t<div class=\"elementor-element elementor-element-19e076b elementor-widget elementor-widget-text-editor\" data-id=\"19e076b\" data-element_type=\"widget\" data-e-type=\"widget\" data-widget_type=\"text-editor.default\">\n\t\t\t\t<div class=\"elementor-widget-container\">\n\t\t\t\t\t\t\t\t\t<header class=\"pt-5\"><div class=\"container\"><div class=\"row\"><div class=\"col\"><h4 class=\"m-0\">Escuela para padres<\/h4><\/div><\/div><\/div><\/header>\t\t\t\t\t\t\t\t<\/div>\n\t\t\t\t<\/div>\n\t\t<div class=\"elementor-element elementor-element-98cc34b e-grid e-con-full e-con e-child\" data-id=\"98cc34b\" data-element_type=\"container\" data-e-type=\"container\">\n\t\t\t\t<div class=\"elementor-element elementor-element-99a3605 elementor-widget elementor-widget-image\" data-id=\"99a3605\" data-element_type=\"widget\" data-e-type=\"widget\" data-widget_type=\"image.default\">\n\t\t\t\t<div class=\"elementor-widget-container\">\n\t\t\t\t\t\t\t\t\t\t\t\t\t\t\t<img fetchpriority=\"high\" decoding=\"async\" width=\"302\" height=\"239\" src=\"https:\/\/www.institutomodernoamericano.edu.mx\/ima\/wp-content\/uploads\/2024\/11\/family-1.png\" class=\"attachment-large size-large wp-image-380\" alt=\"\" srcset=\"https:\/\/www.institutomodernoamericano.edu.mx\/ima\/wp-content\/uploads\/2024\/11\/family-1.png 302w, https:\/\/www.institutomodernoamericano.edu.mx\/ima\/wp-content\/uploads\/2024\/11\/family-1-300x237.png 300w\" sizes=\"(max-width: 302px) 100vw, 302px\" \/>\t\t\t\t\t\t\t\t\t\t\t\t\t\t\t<\/div>\n\t\t\t\t<\/div>\n\t\t\t\t<div class=\"elementor-element elementor-element-6cfe412 elementor-widget elementor-widget-text-editor\" data-id=\"6cfe412\" data-element_type=\"widget\" data-e-type=\"widget\" data-widget_type=\"text-editor.default\">\n\t\t\t\t<div class=\"elementor-widget-container\">\n\t\t\t\t\t\t\t\t\t<p>La\u00a0<b>escuela para padres y madres<\/b> es un espacio creado para el aprendizaje, orientaci\u00f3n y crecimiento de los padres y madres ima, donde se promueven habilidades y se obtiene informaci\u00f3n necesaria para enriquecer la funci\u00f3n parental. Los temas que se trabajan en estos talleres son variados e impartidos por especialistas invitados. Las sesiones se llevan a cabo una vez al mes.<\/p>\t\t\t\t\t\t\t\t<\/div>\n\t\t\t\t<\/div>\n\t\t\t\t<\/div>\n\t\t\t\t<\/div>\n\t\t\t\t\t<\/div>\n\t\t\t\t<\/div>\n\t\t<div class=\"elementor-element elementor-element-b2959b1 e-flex e-con-boxed e-con e-parent\" data-id=\"b2959b1\" data-element_type=\"container\" data-e-type=\"container\" data-settings=\"{&quot;background_background&quot;:&quot;classic&quot;}\">\n\t\t\t\t\t<div class=\"e-con-inner\">\n\t\t<div class=\"elementor-element elementor-element-a40380c e-grid e-con-full e-con e-child\" data-id=\"a40380c\" data-element_type=\"container\" data-e-type=\"container\">\n\t\t\t\t<div class=\"elementor-element elementor-element-e09b3d4 elementor-widget elementor-widget-text-editor\" data-id=\"e09b3d4\" data-element_type=\"widget\" data-e-type=\"widget\" data-widget_type=\"text-editor.default\">\n\t\t\t\t<div class=\"elementor-widget-container\">\n\t\t\t\t\t\t\t\t\t<h4 class=\"mb-1\">ESCUELA PARA PADRES Y MADRES<\/h4>\t\t\t\t\t\t\t\t<\/div>\n\t\t\t\t<\/div>\n\t\t\t\t<div class=\"elementor-element elementor-element-fec542f elementor-widget elementor-widget-text-editor\" data-id=\"fec542f\" data-element_type=\"widget\" data-e-type=\"widget\" data-widget_type=\"text-editor.default\">\n\t\t\t\t<div class=\"elementor-widget-container\">\n\t\t\t\t\t\t\t\t\t<p>Como reconocimiento a su asistencia, en cada taller recibir\u00e1 una pulsera de\u00a0<b>SUPER MOM<\/b>\u00a0o\u00a0<b>SUPER DAD<\/b>\u00a0y al final del curso escolar, se le otorgar\u00e1 un diploma a todos aquellos pap\u00e1s o mam\u00e1s que cuenten con un m\u00ednimo de 60% de asistencia. Este diploma se entrega en la \u00faltima Asamblea de Celebraci\u00f3n frente a toda nuestra comunidad.<\/p><p><i><b>\u00a1Atr\u00e9vete a vivir la experiencia de ser SUPER MOM o SUPER DAD!<\/b><\/i><\/p>\t\t\t\t\t\t\t\t<\/div>\n\t\t\t\t<\/div>\n\t\t\t\t<div class=\"elementor-element elementor-element-2dbe9aa elementor-widget elementor-widget-text-editor\" data-id=\"2dbe9aa\" data-element_type=\"widget\" data-e-type=\"widget\" data-widget_type=\"text-editor.default\">\n\t\t\t\t<div class=\"elementor-widget-container\">\n\t\t\t\t\t\t\t\t\t<p><i>Atentamente,<\/i><\/p><h4>BASIC CORE TEAM<\/h4><p><b>Departamento de psicopedagog\u00eda:<\/b><br \/>Vania Suarez, Adriana Chimal, Carmen Guti\u00e9rrez y Mariana Reyes.<\/p>\t\t\t\t\t\t\t\t<\/div>\n\t\t\t\t<\/div>\n\t\t\t\t<\/div>\n\t\t\t\t\t<\/div>\n\t\t\t\t<\/div>\n\t\t\t\t<\/div>\n\t\t","protected":false},"excerpt":{"rendered":"<p>Escuela para padres La\u00a0escuela para padres y madres es un espacio creado para el aprendizaje, orientaci\u00f3n y crecimiento de los padres y madres ima, donde se promueven habilidades y se obtiene informaci\u00f3n necesaria para enriquecer la funci\u00f3n parental. Los temas que se trabajan en estos talleres son variados e impartidos por especialistas invitados. Las sesiones [&hellip;]<\/p>\n","protected":false},"author":1,"featured_media":0,"parent":0,"menu_order":0,"comment_status":"closed","ping_status":"closed","template":"elementor_header_footer","meta":{"footnotes":""},"class_list":["post-55","page","type-page","status-publish","hentry"],"_links":{"self":[{"href":"https:\/\/www.institutomodernoamericano.edu.mx\/ima\/index.php\/wp-json\/wp\/v2\/pages\/55","targetHints":{"allow":["GET"]}}],"collection":[{"href":"https:\/\/www.institutomodernoamericano.edu.mx\/ima\/index.php\/wp-json\/wp\/v2\/pages"}],"about":[{"href":"https:\/\/www.institutomodernoamericano.edu.mx\/ima\/index.php\/wp-json\/wp\/v2\/types\/page"}],"author":[{"embeddable":true,"href":"https:\/\/www.institutomodernoamericano.edu.mx\/ima\/index.php\/wp-json\/wp\/v2\/users\/1"}],"replies":[{"embeddable":true,"href":"https:\/\/www.institutomodernoamericano.edu.mx\/ima\/index.php\/wp-json\/wp\/v2\/comments?post=55"}],"version-history":[{"count":0,"href":"https:\/\/www.institutomodernoamericano.edu.mx\/ima\/index.php\/wp-json\/wp\/v2\/pages\/55\/revisions"}],"wp:attachment":[{"href":"https:\/\/www.institutomodernoamericano.edu.mx\/ima\/index.php\/wp-json\/wp\/v2\/media?parent=55"}],"curies":[{"name":"wp","href":"https:\/\/api.w.org\/{rel}","templated":true}]}}